ommon factor of 241178 and 3424.
214
Calculate the highest common divisor of 16 and 288168.
8
Calculate the highest common factor of 11080 and 358992.
2216
Calculate the greatest common factor of 98 and 1331918.
98
Calculate the greatest common divisor of 4018 and 41.
41
What is the highest common divisor of 47 and 384037?
47
Calculate the greatest common divisor of 55 and 233816.
11
What is the greatest common divisor of 4 and 34294?
2
Calculate the greatest common factor of 3 and 1754748.
3
What is the highest common divisor of 31722 and 51004?
622
What is the highest common divisor of 4 and 2964?
4
What is the greatest common factor of 321537 and 57?
57
What is the highest common factor of 120 and 269085?
15
What is the greatest common divisor of 154264 and 88?
88
Calculate the highest common factor of 87576 and 123.
123
Calculate the greatest common factor of 69134 and 286.
26
What is the greatest common factor of 4344 and 2333814?
1086
What is the greatest common factor of 86 and 290?
2
Calculate the greatest common divisor of 130 and 43550.
130
What is the highest common factor of 300883 and 3553?
187
What is the highest common factor of 23923 and 94?
47
What is the greatest common factor of 661219 and 494?
247
What is the greatest common factor of 33507 and 7344?
459
Calculate the greatest common factor of 1460 and 20180.
20
What is the greatest common divisor of 12 and 191812?
4
Calculate the highest common divisor of 24 and 302424.
24
Calculate the highest common factor of 21834 and 1854.
18
Calculate the highest common factor of 245210 and 868.
434
Calculate the highest common factor of 324 and 78252.
12
What is the highest common divisor of 39 and 12649?
13
Calculate the highest common divisor of 76 and 3080926.
38
Calculate the greatest common divisor of 3711 and 12.
3
What is the greatest common factor of 245 and 18655?
35
What is the greatest common divisor of 19117 and 3?
1
What is the greatest common divisor of 738 and 4878?
18
Calculate the highest common divisor of 4063 and 11233.
239
Calculate the greatest common factor of 102 and 3639258.
102
What is the greatest common divisor of 60505 and 10?
5
Calculate the highest common divisor of 212 and 150308.
212
What is the greatest common divisor of 75 and 346575?
75
Calculate the highest common divisor of 3417 and 102.
51
Calculate the greatest common factor of 8316 and 2492.
28
Calculate the greatest common divisor of 14938 and 103499.
1067
What is the highest common factor of 21835 and 4565?
55
What is the greatest common divisor of 416 and 54688?
32
Calculate the greatest common factor of 96208 and 784.
112
Calculate the greatest common factor of 462231 and 396.
99
Calculate the greatest common divisor of 500 and 13900.
100
What is the highest common divisor of 858418 and 88?
22
What is the greatest common divisor of 7981 and 575?
23
Calculate the highest common divisor of 20 and 46985.
5
What is the greatest common factor of 18 and 17145?
9
What is the greatest common divisor of 715 and 129195?
55
Calculate the greatest common factor of 212658 and 402.
402
What is the highest common divisor of 72 and 53016?
24
Calculate the highest common divisor of 105266 and 206.
206
What is the greatest common factor of 1094 and 537701?
547
What is the greatest common factor of 311 and 5?
1
What is the highest common divisor of 233 and 563?
1
Calculate the greatest common divisor of 108224 and 608.
608
What is the highest common divisor of 3639 and 355409?
1213
Calculate the highest common divisor of 133905 and 13667.
79
What is the greatest common factor of 4644 and 264492?
108
What is the greatest common factor of 232755 and 118?
59
What is the highest common divisor of 483 and 69897?
69
What is the highest common divisor of 57315 and 20?
5
Calculate the highest common divisor of 67841 and 179.
179
Calculate the highest common divisor of 60740 and 65.
5
What is the greatest common divisor of 5860 and 40?
20
What is the highest common divisor of 2403 and 1227132?
801
Calculate the greatest common divisor of 1375065 and 90.
45
What is the greatest common divisor of 2584 and 60952?
152
Calculate the highest common factor of 6091112 and 8.
8
What is the greatest common factor of 4136 and 5864?
8
What is the greatest common factor of 577145 and 10?
5
What is the greatest common divisor of 3 and 50769?
3
Calculate the highest common factor of 12690 and 5.
5
Calculate the greatest common factor of 14 and 610680.
14
What is the greatest common factor of 45615 and 480?
15
Calculate the greatest common factor of 83432 and 184.
8
Calculate the highest common factor of 51 and 1536375.
51
What is the highest common factor of 10 and 11045?
5
What is the greatest common factor of 120 and 48648?
24
Calculate the highest common divisor of 488646 and 54.
54
What is the greatest common factor of 2150 and 114810?
430
Calculate the highest common divisor of 5180 and 47545.
185
What is the highest common factor of 495582 and 12?
6
Calculate the highest common divisor of 140 and 13048.
28
What is the highest common divisor of 5460 and 14810?
10
What is the greatest common factor of 6381448 and 8?
8
Calculate the greatest common divisor of 1700 and 610.
10
Calculate the highest common factor of 7936 and 8448.
256
What is the highest common divisor of 69273 and 296424?
1611
Calculate the greatest common factor of 165509 and 38.
19
Calculate the highest common divisor of 40 and 27940.
20
What is the greatest common divisor of 732600 and 1110?
1110
What is the greatest common divisor of 5256 and 5889348?
2628
Calculate the greatest common divisor of 8833 and 1168.
73
What is the greatest common factor of 401431 and 123?
41
What is the greatest common factor of 336 and 5957?
7
Calculate the greatest common divisor of 5000250 and 177.
177
What is the greatest common divisor of 18529 and 112?
7
Calculate the highest common factor of 44 and 268972.
44
Calculate the highest common factor of 6220 and 180.
20
Calculate the greatest common divisor of 11901 and 30.
3
Calculate the highest common factor of 162265 and 255.
85
What is the highest common factor of 585 and 94965?
195
Calculate the greatest common divisor of 55020 and 12810.
210
Calculate the greatest common factor of 340 and 12980.
20
Calculate the highest common divisor of 29103 and 2937.
267
Calculate the highest common divisor of 808918 and 332.
166
Calculate the highest common factor of 1798 and 158658.
62
Calculate the highest common factor of 128 and 33664.
128
Calculate the greatest common divisor of 11802 and 92168.
562
Calculate the greatest common divisor of 576 and 11824.
16
What is the greatest common divisor of 30 and 2183748?
6
What is the highest common factor of 993 and 6289?
331
Calculate the highest common divisor of 822 and 5868669.
411
What is the highest common divisor of 196144 and 138?
46
Calculate the greatest common factor of 749 and 10951878.
749
What is the greatest common factor of 57 and 59250?
3
What is the greatest common divisor of 250 and 9934?
2
What is the greatest common divisor of 1918 and 18358?
274
What is the greatest common divisor of 409257 and 18?
9
Calculate the greatest common factor of 7924 and 350.
14
Calculate the greatest common factor of 464 and 1176704.
464
Calculate the greatest common factor of 586099 and 2202.
367
What is the highest common factor of 704 and 21934?
22
Calculate the highest common divisor of 1198531 and 6383.
491
What is the greatest common factor of 485 and 29391?
97
What is the highest common factor of 8622 and 18?
18
What is the greatest common factor of 9269 and 58903?
299
Calculate the highest common factor of 17 and 32946.
17
What is the highest common factor of 856 and 19?
1
What is the greatest common factor of 1390 and 233798?
278
What is the highest common divisor of 88800 and 216?
24
What is the highest common divisor of 144800 and 16?
16
What is the highest common divisor of 277128 and 216?
216
What is the greatest common factor of 1095 and 115851?
219
What is the greatest common factor of 2 and 20932?
2
What is the highest common factor of 148926 and 162?
6
Calculate the highest common factor of 152787 and 33.
3
What is the highest common factor of 5474 and 116564?
322
What